 by 165.
162
Suppose 0 = 18*v - 30855 - 17043. Calculate the remainder when v is divided by 6.
3
Let m = 124 - 102. Let s = 17 - -400. What is the remainder when s is divided by m?
21
Let g(s) = -7*s - 4. Let a(j) = 72 - 19*j + 3*j**2 - j**2 - j**2. Let y be a(6). Calculate the remainder when 73 is divided by g(y).
35
Let d be (-1)/((-2)/(-6)) - (-2 + -109). Suppose d*y - 104*y = 584. What is the remainder when y is divided by 30?
26
Let p(c) = c - 2. Let x(v) = -v**3 - 19*v**2 - 23*v - 57. Let h(k) = p(k) + x(k). What is the remainder when 129 is divided by h(-18)?
12
Let n(w) = -w**3 + 17*w**2 - 30*w + 35. What is the remainder when 582 is divided by n(5)?
27
Suppose -2*w = -5*w. What is the remainder when 33 is divided by 3/(-36)*-12*(19 + w)?
14
Suppose 1040 = 4*w + 236. Calculate the remainder when w is divided by 10.
1
Let x be (5/(-2))/((-18)/(-36)). Let m(g) = -g**3 - 2*g**2 + 12*g - 2. Let d be m(x). Suppose 85 = 7*q - d. What is the remainder when 24 is divided by q?
10
Let k be 0/(-2 - 2) - (-202)/1. Suppose k - 16 = 6*p. What is the remainder when p is divided by (-1 + 25)/((-6)/(-4))?
15
Suppose 0 = -4*b + 5*b + 3*r - 23, 0 = 3*b - 2*r - 14. Suppose -5*v + 916 = t, 3*t = -b*v + 11*v + 2748. Calculate the remainder when t is divided by 17.
15
Suppose -5*j + 41 = -284. Let s(a) = 5*a**3 + 10. Let p be s(-3). Let k = 147 + p. Calculate the remainder when j is divided by k.
21
Suppose -107*k + 2020 = -87*k. Calculate the remainder when 2586 is divided by k.
61
Let x(v) = -59*v - 4. Suppose -107*p = -35*p - 5223 - 537. What is the remainder when x(-4) is divided by p?
72
Let q(o) = o**3 - 10*o**2 + 26*o + 5. What is the remainder when 294 is divided by q(6)?
5
Suppose c - 33 = 3*d - 2*c, 3*d - c + 23 = 0. Let y be 0 - 1/(2 - d/(-2)). What is the remainder when 194/4 + y/2 is divided by 10?
9
Let q = -31340 - -31413. Calculate the remainder when 123 is divided by q.
50
Suppose -2*z - 18 + 5 = -a, 3*z = -3*a + 39. Suppose -296 = -9*o + 5*o. What is the remainder when o is divided by a?
9
Suppose 5*w = 5*j + 12115, 17*j - 2418 = -w + 13*j. Suppose -2*y + 2432 = w. Suppose 0 = -2*x + 21 + 3. What is the remainder when x is divided by y?
2
Let k = -3258 + 3282. What is the remainder when 4247 is divided by k?
23
Let z(v) = 2*v**2 - 38*v - 1270. Calculate the remainder when z(52) is divided by 5.
2
Let m(v) = -175*v + 949. What is the remainder when m(5) is divided by 47?
27
Let g = -431 + 411. Suppose -f = 2*m - 4*m + 41, -173 = 5*f - 2*m. Let t = g - f. What is the remainder when 51 is divided by t?
12
Let k(p) = p**3 + 3*p**2 - 5*p + 1. Let q be k(-4). Let g(s) = 8*s**2 - 6 - 7*s - 3 + 6 + 4*s**3 - 5*s**3. Calculate the remainder when g(q) is divided by 5.
2
Let u(r) = 2*r - 7. Let j be u(6). Suppose -n = 5*m - 13, -3*n + 4*m - 13 - j = 0. What is the remainder when 52 is divided by n/(-3) + 208/12?
16
Suppose g + 1453 - 1494 = -h, -119 = -3*g - 2*h. Calculate the remainder when 3622 is divided by g.
33
Let b = -88 - -169. Suppose 4*z + 5*o = 31, -2*z + 32 = -5*o - 21. Calculate the remainder when b is divided by z.
11
Suppose -10*o + o + 224 = 19*o. Suppose 0 = -i + 62. What is the remainder when i is divided by o?
6
Let m(l) = -2*l - 46. Let t = -672 + 645. Calculate the remainder when 46 is divided by m(t).
6
Suppose -5*w = -2*b + 190, 0 = -315*b + 316*b + w - 88. Let t = -2141 + 3218. Calculate the remainder when t is divided by b.
87
Let r(v) = v**2 + 8*v + 12. Let h be r(-7). Suppose 4*a = -2*u + 74, h*u - 9 = -0*a + a. Calculate the remainder when 190 is divided by a.
14
Let f(m) = 3*m**2 + 27. Let y(t) = t**3 - 2*t + 2. What is the remainder when f(-4) is divided by y(3)?
6
Let s(f) = 38*f**3 + 266*f**2 - 12*f - 20. Let g be ((-12)/9)/(4/(-126)). Suppose -2 - g = -2*h. Calculate the remainder when s(-7) is divided by h.
20
Let c = -57 + 57. Suppose -61 = -n - 4*n - 3*v, n - 5*v - 29 = c. Calculate the remainder when 32 is divided by 26/182 + 306/n.
10
Suppose 305*q - 1611 = 296*q. What is the remainder when 1034 is divided by q?
139
Suppose 6*q = -5*p + 9*q + 1726, -2*q = 4. Let f = p - 218. Calculate the remainder when f is divided by 38.
12
Calculate the remainder when 11 is divided by (-324)/(-48) + 18/(-24).
5
Let u = -3142 - -3555. What is the remainder when u is divided by 10?
3
Let m = 4171 + -3713. Calculate the remainder when 470 is divided by m.
12
Let a = 28908 - 28672. Calculate the remainder when 514 is divided by a.
42
Calculate the remainder when (4/(20/(-2775)))/(0 - 9/15) is divided by 13.
2
Calculate the remainder when (-2)/(-8) + 422/8 is divided by 25/50*28*(-13)/(-13).
11
Let h = 64 - 37. Calculate the remainder when 1287/(-11154) - (-9782)/52 is divided by h.
26
Let n be -1*((-7 - -7) + -3). Suppose n*d - 671 + 56 = 0. What is the remainder when d is divided by 43?
33
Let q(o) = -8*o**2 - o - 14. Let k be q(0). What is the remainder when 60 is divided by (-1 + k/10)/(174/(-1160))?
12
Suppose -267 = 3*k + 4*h - 287, -3*h - 21 = 0. What is the remainder when 442 is divided by k?
10
Let y(a) = -11*a**3 - 7*a**2 - 9*a + 3. Let p(x) = x**2 - 4*x - 342. Calculate the remainder when y(-2) is divided by p(21).
6
Suppose -17*i + 13*i = -180. Suppose -112 = -i*a + 43*a. What is the remainder when 163 is divided by a?
51
Let u(f) = -f - 8. Let y be u(-8). Suppose 7*k - 9 - 145 = y. Suppose k = 2*b - 0*b. What is the remainder when 65 is divided by b?
10
Suppose 1 + 9 = 5*o. Suppose -41 = s - o*s. Let v = 11048 - 11033. What is the remainder when s is divided by v?
11
Let j = -265 + 264. What is the remainder when 15 is divided by -4 + (j - 7)/2 + 11?
0
Suppose 0 = -5*b - n + 270, b - 188 = -3*n - 120. What is the remainder when 512 is divided by b?
35
Let d be 9/15 + 746/(-10). Let w = d - -108. Suppose -y = -2*x + 31, 5*x - y + 3*y - 100 = 0. What is the remainder when w is divided by x?
16
Suppose 0 = 29*h - 30*h + 60. Let s = 142 + h. What is the remainder when s is divided by 69?
64
Let j = -10876 - -19154. What is the remainder when j is divided by 7?
4
Let v = 23 + -9. Let q(b) = b**3 - 25*b**2 - 53*b - 20. Calculate the remainder when v is divided by q(27).
0
Let d(f) = 9*f - 122 + 21*f + 88. Let t be d(-8). Let b = t + 391. Calculate the remainder when b is divided by 40.
37
Calculate the remainder when 11/22 - 4164/(-24) is divided by 35.
34
Let u(b) = b**2 + 3*b + 6. Suppose 11*o - 104 = -2*o. Calculate the remainder when u(-8) is divided by o.
6
Suppose -6*w - 492 = -18*w. Suppose -7 - w = -3*s. What is the remainder when 67 is divided by s?
3
Let u = 8059 - 8049. What is the remainder when 758 is divided by u?
8
Let a = 3425 + -3238. What is the remainder when 368 is divided by a?
181
What is the remainder when (-1430)/220*(0 + 1)*(-156)/2 is divided by 226?
55
Suppose z = -3*d + 1933, 391 + 899 = 2*d + z. Suppose 0 = p + d - 691. Calculate the remainder when 286 is divided by p.
46
Suppose 465*s = 433*s + 75136. What is the remainder when s is divided by 112?
108
Let h = 6 - 4. Let y be (-2)/4*(-8 + h). Suppose -i = -y - 1. What is the remainder when i is divided by 2?
0
Let u(o) be the third derivative of o**5/30 - o**4/24 - 5*o**3/6 + 297*o**2. What is the remainder when 55 is divided by u(-4)?
24
Suppose 2*a - 105 - 49 = 0. Let v = a + 33. Let f(o) = 7*o - 18. Calculate the remainder when v is divided by f(8).
34
Suppose 2*f - 15 = 5. Let b = 104950 - 104946. Calculate the remainder when f is divided by b.
2
Suppose 2114*k - 3060 = 2097*k. Suppose -2*m = -1 - 9. What is the remainder when k is divided by 2/m - 68/(-5)?
12
Suppose 204 = u + 3*t, -3*t + 576 = -9*u + 12*u. Calculate the remainder when 320 is divided by u.
134
Suppose d - 17 = j - 328, -2*j = -5*d - 631. Calculate the remainder when j is divided by 69.
32
Let k = -6581 + 6619. What is the remainder when 186 is divided by k?
34
Let f = 71 + -40. Let m be (1 - 0)/(-1 - 224/(-238)). Let o = m + 28. Calculate the remainder when f is divided by o.
9
Let t(o) = -44*o - 919. What is the remainder when 9/27 + (-347)/(-3) is divided by t(-22)?
18
Let o(j) = 6*j**3 - 10*j**2 + 6*j - 6. What is the remainder when o(3) is divided by 42?
0
What is the remainder when 52722 is divided by ((-17)/(-170) - 21/(-15))/(7/518)?
108
Suppose 7*u = -4*u + 418.